p) + 7*y(p). List the prime factors of l(-3).
2
Suppose -5*s + 31 = -84. List the prime factors of s.
23
Let b(o) = 13*o. Let d be b(2). Suppose 0 = -s + 4*f - 12, -4*f + d = 5*s - 10. What are the prime factors of s?
2
Let m be (-11 - 13)*(-1 - -2). Let r = -7 - -10. List the prime factors of r*(m/(-9) + -1).
5
Let u(j) = j**2 - 11*j + 1. Let t be u(13). Suppose 0 = -l + t + 26. List the prime factors of l.
53
Let a(s) = -s**2 - 4*s - 3. Let z be a(-3). Suppose z = 3*v - v - 40. What are the prime factors of v/9 + 4/(-18)?
2
Suppose -4*f + 3 + 5 = 0. Suppose 0 = -a - a + 10. Suppose 41 = f*c + 5*z, -c = -a*c - z + 37. What are the prime factors of c?
2
Let a be -7*((-78)/(-14) - 3). Let b = a - -33. List the prime factors of b.
3, 5
Suppose 20 = -5*c, -c = 4*y - 27 - 45. List the prime factors of y.
19
Suppose 13 = q - 3*h + 6*h, 26 = 5*q + 2*h. Suppose 2*b = 3*b + 1. What are the prime factors of (q - b)*(-24)/(-15)?
2
Let s(d) = 2*d**3 - 4*d**2 - 5 + 0*d + d**3 - 2*d**3 + 2*d. What are the prime factors of s(5)?
2, 3, 5
Let a(y) be the second derivative of -3*y**5/20 - y**3/2 - y**2/2 + 7*y. What are the prime factors of a(-2)?
29
Let y = 1 - 1. Suppose y = 4*a + 3 + 1. What are the prime factors of 9/1*1 - a?
2, 5
Let p(h) = -4*h - 8. List the prime factors of p(-9).
2, 7
Suppose 25*t - 24*t = 25. List the prime factors of t.
5
Let k = 5 + 1. Let v be -1 + (-4)/(k/3). What are the prime factors of ((-2)/6)/(v/45)?
5
Let z be 18/4*4/(-3). What are the prime factors of ((-164)/z)/(6/9)?
41
Let m(k) = -k**3 - 3*k**2 + 7*k - 5. Let h be m(-6). Suppose -5*a + h - 16 = 0. Suppose d + 2*y - 3 = -2*y, d - a = -2*y. List the prime factors of d.
3, 5
Suppose 0 = -5*x + 144 + 111. What are the prime factors of x?
3, 17
Suppose 12 = -4*l + l, 0 = -2*o - 5*l - 6. Let f be 1 - 111/(-2 - 1). Suppose -4*p - n = -3*p - o, 4*p = n + f. List the prime factors of p.
3
Let w = 17 - 8. Suppose -4*v + 7 + w = 0. Suppose -3*j = -4*y - v, -2*y + 2 = j - 6. List the prime factors of y.
2
Let t(v) = -v**2 + 9*v - 1 + 3 + 2. Let b be t(9). Suppose 4*y - 3*y = -b, -62 = -5*u + 3*y. List the prime factors of u.
2, 5
Let a = -5 + 41. Let h(z) = 5*z + 4. Let t be h(7). Suppose -4*v = 4*c - a, -5*v = -c - 0*v + t. What are the prime factors of c?
2, 7
Suppose 3*g - 47 - 13 = 0. What are the prime factors of g?
2, 5
Let s = 33 - 4. List the prime factors of s.
29
List the prime factors of (-7)/((-306)/1080 - 2/(-10)).
2, 3, 7
Suppose 5*v = 2*a - 76, v + 1 - 98 = -3*a. What are the prime factors of a?
3, 11
List the prime factors of ((-3)/2)/((-9)/12).
2
Let i(x) = -x**3 - 8*x**2 + 9*x + 8. Suppose 5*p + 7 + 38 = 0. What are the prime factors of i(p)?
2
Let w(a) = -a. Let y(p) = -24*p**2 - 3*p + 1. Let r(x) = 3*w(x) - y(x). What are the prime factors of r(1)?
23
Let h = -22 + 72. What are the prime factors of h?
2, 5
Let x(c) = c**3 - 4*c**2 - 9*c + 1. Let g be x(6). Let q = -5 + g. List the prime factors of q.
2, 7
Suppose 30 = 5*y + 2*p, 0 = 2*y + 2*p - 4*p + 2. Suppose 0*s + 100 = y*s. What are the prime factors of s?
5
Let g be 47/(-3) - 7/21. Let q = g - -10. List the prime factors of (q/7)/((-1)/14).
2, 3
Let b(j) be the third derivative of j**5/60 - j**4/12 + j**3 + j**2. List the prime factors of b(5).
3, 7
Let m be (-10)/(-14) + 2/7. Let l be -2*m + (-9)/(-3). Suppose -4*d - 3*s = -l, 12 = 5*s + 37. What are the prime factors of d?
2
Let d(c) = 2*c**2 - 4*c. What are the prime factors of d(-4)?
2, 3
Let z(q) = 12*q**2 - 1 + 0 + 12*q**2 + 0. List the prime factors of z(1).
23
What are the prime factors of 10/20 - 1623/(-6)?
271
Suppose 0 = 5*q - 129 - 6. Suppose q - 3 = 4*b. List the prime factors of b.
2, 3
Suppose -5*f - 4*r - 158 = 0, -f - 5*r = 2*f + 100. Let d = f + 16. Let k = -5 - d. What are the prime factors of k?
3
Let z(s) = s**2 + 4*s - 2. What are the prime factors of z(-5)?
3
Suppose l - 2 + 6 = 0. Let t = -1 - l. What are the prime factors of t?
3
Let r(i) = i**3 - i**2 - 2*i. Let n be r(2). Suppose -3*a + a + 10 = n. Suppose 0 = 4*t + 5*s - 73, a*s = -3*t + 24 + 37. What are the prime factors of t?
2, 3
Let i(m) = m**3 - 9*m**2 - 11*m + 12. Let x be i(10). Suppose 4*h - 2*h = x*w - 84, 4*h = -5*w + 165. What are the prime factors of w?
37
Let z(i) = 2*i + 53. What are the prime factors of z(0)?
53
Suppose 6*h = 2*h. Suppose 3*o - 36 - 24 = h. List the prime factors of o.
2, 5
Let w = 42 + -14. What are the prime factors of w?
2, 7
Let n = -125 - -235. What are the prime factors of n?
2, 5, 11
Let x = -47 + 135. List the prime factors of x.
2, 11
Suppose 0 = -13*w + 3*w + 1120. What are the prime factors of w?
2, 7
Let f = 35 - 32. Let m be 2/(-7) + 233/7. Suppose 6 - m = -f*t. List the prime factors of t.
3
Let q(k) = -14*k**3 - k**2 + 1. Let r be q(1). Let u(n) = -5*n - 2. Let l(s) = -11*s - 5. Let y(c) = r*u(c) + 6*l(c). List the prime factors of y(3).
2, 5
Let c(v) = -v**3 + v**2 - 2*v - 30. List the prime factors of c(-6).
2, 3, 13
Let r be (-6)/9*57 - 2. Let t = r + 76. List the prime factors of t.
2, 3
Let p(i) be the first derivative of 3*i**2/2 - 3*i - 3. Suppose 0*d + 3 = d. What are the prime factors of p(d)?
2, 3
Suppose -19 = -3*n + 89. What are the prime factors of n?
2, 3
Suppose 0 = -0*s + 5*s - 65. What are the prime factors of s?
13
Let h be (-1 - (0 - 6))/(-1). List the prime factors of (-91)/h + (-6)/30.
2, 3
Let r = -44 - -100. List the prime factors of r.
2, 7
Let u = -5 + 10. Suppose -u*i - 3*f = -35, -4*i + 4*f = -6*i + 28. Suppose -i*z + z - v = -20, 3*z - 3*v = 0. List the prime factors of z.
5
Let x(p) be the third derivative of -p**6/120 - 7*p**5/60 + 5*p**4/24 - 7*p**3/6 - 5*p**2. Let a(q) = q - 3. Let s be a(-5). What are the prime factors of x(s)?
17
Let q(h) = h - 4. Let i be q(4). Suppose i = -3*o + 4 + 5. What are the prime factors of o?
3
Suppose 3*c + 13 - 1 = 0. Let j be (2/c)/(2/(-4)). What are the prime factors of j + 2*(1 - 0)?
3
Let u be (-1)/1*(9 + -2). Let b(m) = -m - 5. List the prime factors of b(u).
2
Let o = 301 + 15. What are the prime factors of o?
2, 79
Suppose 0 = 5*n + 70 + 20. Let m(q) = -q**3 + 3*q**2 - 2*q - 4. Let d be m(3). Let c = d - n. What are the prime factors of c?
2
Let f be (-6)/4 + 49/14. Let b = 63 - 41. Suppose -f*c + b = -0*c. What are the prime factors of c?
11
Let v(j) = -j**3 + 9*j**2 + 13*j + 13. Let k be v(10). Let r = -9 + k. What are the prime factors of r?
2, 17
Suppose 0 = -5*t + 12 + 163. What are the prime factors of t?
5, 7
Let t(y) = 3*y + 105. List the prime factors of t(-20).
3, 5
Let x = -7 - -12. Let t = -22 - -12. What are the prime factors of (-4)/t + 13/x?
3
Suppose 17*x - 16*x - 84 = 0. List the prime factors of x.
2, 3, 7
Let a be (4/(-6))/((-4)/12). Suppose -1 = z - a. What are the prime factors of z*(-1 - 0) + 11?
2, 5
Let d = 24 - 17. What are the prime factors of d?
7
Suppose -4*c = -4*p - 8, 0*p - 8 = -2*p - c. Suppose -2*d + d = -2*z + 1, z + 4*d = -4. Suppose -p*y + 2 + 6 = z. List the prime factors of y.
2
Let x(a) = 31*a**2 - 2*a - 4. List the prime factors of x(-2).
2, 31
Suppose -k = -4*k - 24. Let q = -5 - k. Suppose -q*w = 2*w - 25. List the prime factors of w.
5
Let d(o) = o**2 - 1. Let u be d(-1). Let s be 0/(-3*2/3). Suppose s = -u*i + 2*i - 16. What are the prime factors of i?
2
Suppose -52 = 2*t - 2*u, -3*t - 46 = 9*u - 4*u. Suppose -5*s = -2*s + 27. Let c = s - t. What are the prime factors of c?
13
Let k(d) = -d**3 + 4*d**2 + 9*d - 6. List the prime factors of k(5).
2, 7
Suppose -b = -3*y - 12, -3*y = 2 + 1. Let u = 0 - b. Let s = 2 - u. List the prime factors of s.
11
Let m(u) = 5*u - 4. Suppose v = 4*x + 14, 2*v + x = 6*v + 4. Let n be 87/27 - v/(-9). What are the prime factors of m(n)?
11
Let m be 11*((-2 - -7) + -1). Let o = -26 + m. List the prime factors of o.
2, 3
Let z(j) = 18*j + 15. List the prime factors of z(8).
3, 53
Let c(w) = w - 1. Let s be c(3). Let g be (17 - 2)/(1/s). Suppose 5*t = -2*r + g, -4*t - 2*r = -33 + 7. List the prime factors of t.
2
Let r(f) = 2*f**2 - f - 6. What are the prime factors of r(-4)?
2, 3, 5
Let i(t) be the second derivative of -1/2*t**2 + 2*t + 0 + 1/6*t**3. List the prime factors of i(6).
5
Let a(p) = -p - 4. Let x(y) = y - 1. Let v(s) = a(s) + 4*x(s). List the prime factors of v(9).
19
Let b b